{"id":1776,"date":"2013-12-13T11:01:15","date_gmt":"2013-12-13T11:01:15","guid":{"rendered":"http:\/\/skupstinazp.ba\/1\/?page_id=1776"},"modified":"2022-01-25T10:55:01","modified_gmt":"2022-01-25T09:55:01","slug":"amandman-01-10-2004-godine","status":"publish","type":"page","link":"https:\/\/skupstinazp.ba\/new\/dokumenti\/amandmani\/amandman-01-10-2004-godine\/","title":{"rendered":"Amandman 01. listopad 2004. godine"},"content":{"rendered":"<div align=\"center\">\n<div style=\"text-align: justify;\"><span style=\"color: #000000;\">Na temelju \u010dlanka 75. Ustava \u017dupanije Posavske (&#8220;Narodne novine \u017dupanije Posavske&#8221; broj 1\/96, 3\/96, 7\/99, 3\/00 i 5\/00), Skup\u0161tina \u017dupanije Posavske, na sjednici odr\u017eanoj dana 01. listopada 2004. godine, usvojila je<\/span><\/div>\n<\/div>\n<div align=\"center\">\n<div align=\"center\">\n<div style=\"text-align: justify;\"><\/div>\n<div align=\"center\"><strong><span style=\"color: #000000;\">AMANDMANE V &#8211; XII<\/span><\/strong><\/div>\n<div align=\"center\"><strong><span style=\"color: #000000;\">na Ustav \u017dupanije Posavske<\/span><\/strong><\/div>\n<div><\/div>\n<div align=\"center\"><em><span style=\"color: #000000;\">AMANDMAN V<\/span><\/em><\/div>\n<div><span style=\"color: #000000;\">\u010clanka 59. mijenja se i glasi:<\/span><\/div>\n<div style=\"text-align: justify;\"><span style=\"color: #000000;\">&#8220;Broj \u010dlanova Op\u0107inskog vije\u0107a utvr\u0111uje se Statutom op\u0107ine.&#8221;<\/span><\/div>\n<div><\/div>\n<div align=\"center\"><em><span style=\"color: #000000;\">AMANDMAN VI<\/span><\/em><\/div>\n<div style=\"text-align: justify;\"><span style=\"color: #000000;\">\u010clanak 60. mijenja se i glasi:<\/span><\/div>\n<div style=\"text-align: justify;\"><span style=\"color: #000000;\">1. &#8220;Op\u0107ina ima Op\u0107insko vije\u0107e i op\u0107inskog na\u010delnika.<\/span><\/div>\n<div style=\"text-align: justify;\"><span style=\"color: #000000;\">2. Mandat \u010dlanova Op\u0107inskog vije\u0107a i op\u0107inskog na\u010delnika traje \u010detiri godine.&#8221;<\/span><\/div>\n<div><\/div>\n<div align=\"center\"><em><span style=\"color: #000000;\">AMANDMAN VII<\/span><\/em><\/div>\n<div><span style=\"color: #000000;\">\u010clanak 61. mijenja se i glasi:<\/span><\/div>\n<div style=\"text-align: justify;\"><span style=\"color: #000000;\">&#8220;Op\u0107inske vije\u0107nike i op\u0107inskog na\u010delnika biraju demokratskim putem bira\u010di na neposrednim i tajnim izborima na cijelom podru\u010dju op\u0107ine na na\u010din utvr\u0111en zakonom.<\/span><\/div>\n<div style=\"text-align: justify;\"><span style=\"color: #000000;\">Svaki bira\u010d, u skladu sa zakonom, mo\u017ee biti biran za op\u0107inskog vije\u0107nika ili za op\u0107inskog na\u010delnika.&#8221;<\/span><\/div>\n<div><\/div>\n<div align=\"center\"><em><span style=\"color: #000000;\">AMANDMAN VIII<\/span><\/em><\/div>\n<div style=\"text-align: justify;\"><span style=\"color: #000000;\">U \u010dlanku 62. to\u010dka c se bri\u0161e<\/span><\/div>\n<div><\/div>\n<div align=\"center\"><em><span style=\"color: #000000;\">AMANDMAN IX<\/span><\/em><\/div>\n<div><span style=\"color: #000000;\">\u010clanak 65. mijenja se i glasi:<\/span><\/div>\n<div style=\"text-align: justify;\"><span style=\"color: #000000;\">&#8220;Statutom op\u0107ine utvr\u0111uje se postupak izbora predsjednika (predsjedatelja) Op\u0107inskog vije\u0107a i postupak opoziva op\u0107inskog na\u010delnika sukladno Zakonu o izravnom izboru op\u0107inskog na\u010delnika u F BiH.&#8221;<\/span><\/div>\n<div align=\"center\"><em><span style=\"color: #000000;\">AMANDMAN X<\/span><\/em><\/div>\n<div><span style=\"color: #000000;\">\u010clanak 67. mijenja se i glasi:<\/span><\/div>\n<div style=\"text-align: justify;\"><span style=\"color: #000000;\">&#8220;Op\u0107inski na\u010delnik i predsjednik (predsjedatelj) Op\u0107inskog vije\u0107a u op\u0107inama ili op\u0107inskim vije\u0107ima vi\u0161enacionalnog sastava ne mogu biti iz reda istog konstitutivnog naroda, odnosno iz reda ostalih, izuzev u onim op\u0107inama u kojima jedan konstitutivni narod \u010dini vi\u0161e od 80% stanovnika, prema posljednjem popisu stanovni\u0161tva u BiH.&#8221;<\/span><\/div>\n<div><\/div>\n<div align=\"center\"><em><span style=\"color: #000000;\">AMANDMAN XI<\/span><\/em><\/div>\n<div style=\"text-align: justify;\"><span style=\"color: #000000;\">U \u010dlanku 69. to\u010dka e se bri\u0161e.<\/span><\/div>\n<div><\/div>\n<div align=\"center\"><em><span style=\"color: #000000;\">AMANDMAN XII<\/span><\/em><\/div>\n<div><span style=\"color: #000000;\">\u010clanak 86. mijenja se i glasi:<\/span><\/div>\n<div style=\"text-align: justify;\"><span style=\"color: #000000;\">&#8220;Amandmani na Ustav \u017dupanije Posavske stupaju na snagu u pono\u0107 onog dana kada ih Skup\u0161tina usvoji, a objavit \u0107e se u &#8220;Narodnim novinama \u017dupanije Posavske&#8221;.<\/span><\/div>\n<div><\/div>\n<div style=\"text-align: left;\"><span style=\"color: #000000;\">Bosna i Hercegovina<\/span><\/div>\n<div style=\"text-align: left;\"><span style=\"color: #000000;\">FEDERACIJA BOSNE I HERCEGOVINE<\/span><\/div>\n<div style=\"text-align: left;\"><span style=\"color: #000000;\">\u017dUPANIJA POSAVSKA<\/span><\/div>\n<div style=\"text-align: left;\"><span style=\"color: #000000;\">Skup\u0161tina<\/span><\/div>\n<div style=\"text-align: left;\"><span style=\"color: #000000;\">Broj: 01-02-183\/04<\/span><\/div>\n<div style=\"text-align: left;\"><span style=\"color: #000000;\">Domaljevac, 01.10.2004. godine<\/span><\/div>\n<div style=\"text-align: right;\" align=\"right\"><span style=\"color: #000000;\">Predsjednik<\/span><\/div>\n<div style=\"text-align: right;\" align=\"right\"><span style=\"color: #000000;\">Mijo Matanovi\u0107, dipl. ing. v.r.<\/span><\/div>\n<div style=\"text-align: right;\" align=\"right\"><\/div>\n<div style=\"text-align: left;\" align=\"right\">Za download kliknite <a href=\"https:\/\/skupstinazp.ba\/new\/wp-content\/uploads\/2014\/02\/Amandman-01.10.2004.-godine.pdf\" target=\"_blank\" rel=\"noopener\">ovdje<\/a>.<\/div>\n<\/div>\n<\/div>\n","protected":false},"excerpt":{"rendered":"<p>Na temelju \u010dlanka 75. Ustava \u017dupanije Posavske (&#8220;Narodne novine \u017dupanije Posavske&#8221; broj 1\/96, 3\/96, 7\/99, 3\/00 i 5\/00), Skup\u0161tina \u017dupanije Posavske, na sjednici odr\u017eanoj dana 01. listopada 2004. godine, usvojila je AMANDMANE V &#8211; XII na Ustav \u017dupanije Posavske AMANDMAN V \u010clanka 59. mijenja se i glasi: &#8220;Broj \u010dlanova Op\u0107inskog vije\u0107a utvr\u0111uje se Statutom op\u0107ine.&#8221; &hellip;<br \/><a href=\"https:\/\/skupstinazp.ba\/new\/dokumenti\/amandmani\/amandman-01-10-2004-godine\/\" class=\"more-link pen_button pen_element_default pen_icon_arrow_double\">Nastavite \u010ditati <span class=\"screen-reader-text\">Amandman 01. listopad 2004. godine<\/span><\/a><\/p>\n","protected":false},"author":2,"featured_media":0,"parent":1774,"menu_order":5,"comment_status":"closed","ping_status":"closed","template":"","meta":{"footnotes":""},"class_list":["post-1776","page","type-page","status-publish","hentry"],"_links":{"self":[{"href":"https:\/\/skupstinazp.ba\/new\/wp-json\/wp\/v2\/pages\/1776","targetHints":{"allow":["GET"]}}],"collection":[{"href":"https:\/\/skupstinazp.ba\/new\/wp-json\/wp\/v2\/pages"}],"about":[{"href":"https:\/\/skupstinazp.ba\/new\/wp-json\/wp\/v2\/types\/page"}],"author":[{"embeddable":true,"href":"https:\/\/skupstinazp.ba\/new\/wp-json\/wp\/v2\/users\/2"}],"replies":[{"embeddable":true,"href":"https:\/\/skupstinazp.ba\/new\/wp-json\/wp\/v2\/comments?post=1776"}],"version-history":[{"count":1,"href":"https:\/\/skupstinazp.ba\/new\/wp-json\/wp\/v2\/pages\/1776\/revisions"}],"predecessor-version":[{"id":4771,"href":"https:\/\/skupstinazp.ba\/new\/wp-json\/wp\/v2\/pages\/1776\/revisions\/4771"}],"up":[{"embeddable":true,"href":"https:\/\/skupstinazp.ba\/new\/wp-json\/wp\/v2\/pages\/1774"}],"wp:attachment":[{"href":"https:\/\/skupstinazp.ba\/new\/wp-json\/wp\/v2\/media?parent=1776"}],"curies":[{"name":"wp","href":"https:\/\/api.w.org\/{rel}","templated":true}]}}