{"id":36,"date":"2011-11-19T11:48:01","date_gmt":"2011-11-19T11:48:01","guid":{"rendered":"http:\/\/skupstinazp.ba\/?page_id=36"},"modified":"2021-03-23T12:44:52","modified_gmt":"2021-03-23T11:44:52","slug":"o-nama","status":"publish","type":"page","link":"https:\/\/skupstinazp.ba\/new\/o-nama\/","title":{"rendered":"O Skup\u0161tini"},"content":{"rendered":"<p style=\"text-align: justify;\">Zakonodavnu vlast \u017dupanije obavlja Skup\u0161tina. Skup\u0161tina \u017dupanije je jednodomna. Skup\u0161tina \u017dupanije sastoji se od 21 zastupnika. Izbornim propisima osigurat \u0107e se zastupljenost svake op\u0107ine u Skup\u0161tini.<\/p>\n<p style=\"text-align: justify;\">Zastupnici u Skup\u0161tini biraju se na rok od 4 godine. Zastupnike u skup\u0161tini biraju glasa\u010di na demokratskim i neposrednim izborima, tajnim glasovanjem na cijeloj teritoriji \u017dupanije, sukladno ustavu Federacije i zakonu. Svaki glasa\u010d mo\u017ee dati jedan tajni glas bilo kojoj od registriranih stranaka.<\/p>\n<p style=\"text-align: justify;\">Svaki gra\u0111anin s pravom glasa mo\u017ee biti biran za zastupnika u Skup\u0161tini. Skup\u0161tina \u0107e biti sazvana prvi put najkasnije 10 dana nakon \u00a0objavljivanja rezultata izbora.<\/p>\n<p style=\"text-align: justify;\">Skup\u0161tina ima\u00a0 predsjednika i zamjenika predsjednika koji se biraju izme\u0111u zastupnika Skup\u0161tine. Skup\u0161tina donosi Poslovnik o svome radu. Skup\u0161tina zasjeda javno, osim u izuzetnim okolnostima predvi\u0111enim poslovnikom Skup\u0161tine\u00a0 i objavljuje izvje\u0161\u0107a o zasjedanjima i odlukama.<\/p>\n<p style=\"text-align: justify;\">Zastupnici u Skup\u0161tini\u00a0 ne\u0107e biti krivi\u010dno gonjeni ni odgovorni u gra\u0111anskom postupku za djela u vr\u0161enju svoje du\u017enosti. Nijedan zastupnik ne\u0107e biti pritvoren ili uhi\u0107en od strane bilo kojeg tijela federalne ili \u017eupanijske vlasti bez odobrenja Skup\u0161tine.<\/p>\n<p style=\"text-align: justify;\">Nadle\u017enost i na\u010din odlu\u010divanja skup\u0161tine \u017dupanije Posavske<\/p>\n<ul>\n<li>priprema i usvaja ustav \u017dupanije,<\/li>\n<li>donosi zakone i ostale propise neophodne za izvr\u0161enje ovlasti \u017eupanije,<\/li>\n<li>usvaja prora\u010dun \u017dupanije i donosi zakone o oporezivanju i na drugi na\u010din osigurava potrebito financiranje,<\/li>\n<li>odobrava zaklju\u010divanje me\u0111unarodnih sporazuma sa dr\u017eavnim i me\u0111unarodnim organizacijama, uz suglasnost Parlamenta Federacije,<\/li>\n<li>donosi poslovnik Skup\u0161tine,<\/li>\n<li>bira predsjednika i zamjenika predsjednika Skup\u0161tine, te ostale du\u017enosti sukladno zakonu,<\/li>\n<li>odobrava imenovanje vlade \u017dupanije,<\/li>\n<li>bira zastupnike \u017dupanije u Dom naroda Parlamenta Federacije iz reda zastupnika Skup\u0161tine, sukladno Ustavu Federacije,<\/li>\n<li>provodi istrage i u tu svrhu mo\u017ee zahtjevati pribavljanje dokaza u vidu isparava\u00a0 i iskaza svjedoka, ne ulaze\u0107i u nadle\u017enost sudbene vlasti,<\/li>\n<li>vr\u0161i i druge poslove iz svog djelokruga.<\/li>\n<\/ul>\n","protected":false},"excerpt":{"rendered":"<p>Zakonodavnu vlast \u017dupanije obavlja Skup\u0161tina. Skup\u0161tina \u017dupanije je jednodomna. Skup\u0161tina \u017dupanije sastoji se od 21 zastupnika. Izbornim propisima osigurat \u0107e se zastupljenost svake op\u0107ine u Skup\u0161tini. Zastupnici u Skup\u0161tini biraju se na rok od 4 godine. Zastupnike u skup\u0161tini biraju glasa\u010di na demokratskim i neposrednim izborima, tajnim glasovanjem na cijeloj teritoriji \u017dupanije, sukladno ustavu Federacije &hellip;<br \/><a href=\"https:\/\/skupstinazp.ba\/new\/o-nama\/\" class=\"more-link pen_button pen_element_default pen_icon_arrow_double\">Nastavite \u010ditati <span class=\"screen-reader-text\">O Skup\u0161tini<\/span><\/a><\/p>\n","protected":false},"author":2,"featured_media":0,"parent":0,"menu_order":9,"comment_status":"closed","ping_status":"closed","template":"","meta":{"footnotes":""},"class_list":["post-36","page","type-page","status-publish","hentry"],"_links":{"self":[{"href":"https:\/\/skupstinazp.ba\/new\/wp-json\/wp\/v2\/pages\/36","targetHints":{"allow":["GET"]}}],"collection":[{"href":"https:\/\/skupstinazp.ba\/new\/wp-json\/wp\/v2\/pages"}],"about":[{"href":"https:\/\/skupstinazp.ba\/new\/wp-json\/wp\/v2\/types\/page"}],"author":[{"embeddable":true,"href":"https:\/\/skupstinazp.ba\/new\/wp-json\/wp\/v2\/users\/2"}],"replies":[{"embeddable":true,"href":"https:\/\/skupstinazp.ba\/new\/wp-json\/wp\/v2\/comments?post=36"}],"version-history":[{"count":2,"href":"https:\/\/skupstinazp.ba\/new\/wp-json\/wp\/v2\/pages\/36\/revisions"}],"predecessor-version":[{"id":4468,"href":"https:\/\/skupstinazp.ba\/new\/wp-json\/wp\/v2\/pages\/36\/revisions\/4468"}],"wp:attachment":[{"href":"https:\/\/skupstinazp.ba\/new\/wp-json\/wp\/v2\/media?parent=36"}],"curies":[{"name":"wp","href":"https:\/\/api.w.org\/{rel}","templated":true}]}}