{"id":363,"date":"2012-03-11T12:41:39","date_gmt":"2012-03-11T12:11:39","guid":{"rendered":"http:\/\/skupstinazp.ba\/?page_id=363"},"modified":"2024-12-30T15:16:45","modified_gmt":"2024-12-30T14:16:45","slug":"pitajte-zastupnike","status":"publish","type":"page","link":"https:\/\/skupstinazp.ba\/new\/o-nama\/pitajte-zastupnike\/","title":{"rendered":"Pitajte zastupnike"},"content":{"rendered":"<p>Sva pitanja koja \u017eelite uputiti zastupnicima Skup\u0161tine \u017dupanije Posavske mo\u017eete postavljati putem elektroni\u010dke po\u0161te, listu mailova zastupnika mo\u017eete prona\u0107i u tablici pored imena svakog zastupnika.<\/p>\n<table>\n<tbody>\n<tr>\n<td width=\"310\">\n<p style=\"text-align: center;\"><strong><span style=\"font-size: 14pt;\">Ime zastupnika<\/span><\/strong><\/p>\n<\/td>\n<td width=\"310\">\n<p style=\"text-align: center;\"><span style=\"font-size: 14pt;\"><strong>E-mail zastupnika<\/strong><\/span><\/p>\n<\/td>\n<\/tr>\n<tr>\n<td width=\"310\">\u00a0Bla\u017e \u017dupari\u0107<\/td>\n<td width=\"310\">\u00a0blaz.zuparic@tel.net.ba<\/td>\n<\/tr>\n<tr>\n<td width=\"310\">\u00a0Svetlana Kamenja\u0161<\/td>\n<td width=\"310\">\u00a0svetlana.kamenjas@tel.net.ba<\/td>\n<\/tr>\n<tr>\n<td width=\"310\">\u00a0Mujo Puzi\u0107<\/td>\n<td width=\"310\">\u00a0mujopuzic@outlook.com<\/td>\n<\/tr>\n<tr>\n<td width=\"310\">\u00a0Barbara \u0106o\u0161kovi\u0107<\/td>\n<td width=\"310\">\u00a0barbara.coskovic@gmail.com<\/td>\n<\/tr>\n<tr>\n<td width=\"310\">\u00a0Nata\u0161a Or\u0161oli\u0107<\/td>\n<td width=\"310\">\u00a0natasa.orsolic@gmail.com<\/td>\n<\/tr>\n<tr>\n<td width=\"310\">\u00a0Janja Ili\u010devi\u0107<\/td>\n<td width=\"310\">\u00a0jilicevic@gmail.com<\/td>\n<\/tr>\n<tr>\n<td width=\"310\">\u00a0Ru\u017eica \u017divkovi\u0107<\/td>\n<td width=\"310\">\u00a0ruzicazivkovic84@gmail.com<\/td>\n<\/tr>\n<tr>\n<td width=\"310\">\u00a0Dragica Kri\u0161ti\u0107<\/td>\n<td width=\"310\">\u00a0dragicakristic2@gmail.com<\/td>\n<\/tr>\n<tr>\n<td width=\"310\">\u00a0Ilija Ili\u0107<\/td>\n<td width=\"310\">\u00a0ilijailic68@gmail.com<\/td>\n<\/tr>\n<tr>\n<td width=\"310\">\u00a0Miljenko Lu\u0161i\u0107<\/td>\n<td width=\"310\">\u00a0miljenko.lusic@hotmail.com<\/td>\n<\/tr>\n<tr>\n<td width=\"310\">\u00a0Ivan Markovi\u0107<\/td>\n<td width=\"310\">\u00a0markovicivan1983@gmail.com<\/td>\n<\/tr>\n<tr>\n<td width=\"310\">\u00a0Ilija Benkovi\u0107<\/td>\n<td width=\"310\">\u00a0ilijabenkovicdm71@gmail.com<\/td>\n<\/tr>\n<tr>\n<td width=\"310\">\u00a0Dragan Guberac<\/td>\n<td width=\"310\">\u00a0dragan.guberac@gmail.com<\/td>\n<\/tr>\n<tr>\n<td width=\"310\">\u00a0Joso Or\u0161oli\u0107<\/td>\n<td width=\"310\">\u00a0orsolicjoso4@gmail.com<\/td>\n<\/tr>\n<tr>\n<td width=\"310\">\u00a0Franjo Bla\u017eanovi\u0107<\/td>\n<td width=\"310\">\u00a0franjo.blazanovic@gmail.com<\/td>\n<\/tr>\n<tr>\n<td width=\"310\">\u00a0Drago Ze\u010devi\u0107<\/td>\n<td width=\"310\">\u00a0drago.zecevic1@gmail.com<\/td>\n<\/tr>\n<tr>\n<td width=\"310\">\u00a0Zlatko Mujkanovi\u0107<\/td>\n<td width=\"310\">\u00a0zlatkomujkanovic69@gmail.com<\/td>\n<\/tr>\n<tr>\n<td width=\"310\">\u00a0Mehmed Memi\u0161evi\u0107<\/td>\n<td width=\"310\">\u00a0mehmed.memisevic85@gmail.com<\/td>\n<\/tr>\n<tr>\n<td width=\"310\">\u00a0Kenan Deli\u0107<\/td>\n<td width=\"310\">\u00a0kenandelic82@gmail.com<\/td>\n<\/tr>\n<tr>\n<td width=\"310\">\u00a0Damir Hamidovi\u0107<\/td>\n<td width=\"310\">\u00a0damirhamidovic01@gmail.com<\/td>\n<\/tr>\n<tr>\n<td width=\"310\">\u00a0Emir Be\u0161irevi\u0107<\/td>\n<td width=\"310\">\u00a0emirbilans@gmail.com<\/td>\n<\/tr>\n<\/tbody>\n<\/table>\n<p>&nbsp;<\/p>\n","protected":false},"excerpt":{"rendered":"<p>Sva pitanja koja \u017eelite uputiti zastupnicima Skup\u0161tine \u017dupanije Posavske mo\u017eete postavljati putem elektroni\u010dke po\u0161te, listu mailova zastupnika mo\u017eete prona\u0107i u tablici pored imena svakog zastupnika. Ime zastupnika E-mail zastupnika \u00a0Bla\u017e \u017dupari\u0107 \u00a0blaz.zuparic@tel.net.ba \u00a0Svetlana Kamenja\u0161 \u00a0svetlana.kamenjas@tel.net.ba \u00a0Mujo Puzi\u0107 \u00a0mujopuzic@outlook.com \u00a0Barbara \u0106o\u0161kovi\u0107 \u00a0barbara.coskovic@gmail.com \u00a0Nata\u0161a Or\u0161oli\u0107 \u00a0natasa.orsolic@gmail.com \u00a0Janja Ili\u010devi\u0107 \u00a0jilicevic@gmail.com \u00a0Ru\u017eica \u017divkovi\u0107 \u00a0ruzicazivkovic84@gmail.com \u00a0Dragica Kri\u0161ti\u0107 \u00a0dragicakristic2@gmail.com \u00a0Ilija Ili\u0107 &hellip;<br \/><a href=\"https:\/\/skupstinazp.ba\/new\/o-nama\/pitajte-zastupnike\/\" class=\"more-link pen_button pen_element_default pen_icon_arrow_double\">Nastavite \u010ditati <span class=\"screen-reader-text\">Pitajte zastupnike<\/span><\/a><\/p>\n","protected":false},"author":2,"featured_media":0,"parent":36,"menu_order":0,"comment_status":"closed","ping_status":"closed","template":"","meta":{"footnotes":""},"class_list":["post-363","page","type-page","status-publish","hentry"],"_links":{"self":[{"href":"https:\/\/skupstinazp.ba\/new\/wp-json\/wp\/v2\/pages\/363","targetHints":{"allow":["GET"]}}],"collection":[{"href":"https:\/\/skupstinazp.ba\/new\/wp-json\/wp\/v2\/pages"}],"about":[{"href":"https:\/\/skupstinazp.ba\/new\/wp-json\/wp\/v2\/types\/page"}],"author":[{"embeddable":true,"href":"https:\/\/skupstinazp.ba\/new\/wp-json\/wp\/v2\/users\/2"}],"replies":[{"embeddable":true,"href":"https:\/\/skupstinazp.ba\/new\/wp-json\/wp\/v2\/comments?post=363"}],"version-history":[{"count":6,"href":"https:\/\/skupstinazp.ba\/new\/wp-json\/wp\/v2\/pages\/363\/revisions"}],"predecessor-version":[{"id":5560,"href":"https:\/\/skupstinazp.ba\/new\/wp-json\/wp\/v2\/pages\/363\/revisions\/5560"}],"up":[{"embeddable":true,"href":"https:\/\/skupstinazp.ba\/new\/wp-json\/wp\/v2\/pages\/36"}],"wp:attachment":[{"href":"https:\/\/skupstinazp.ba\/new\/wp-json\/wp\/v2\/media?parent=363"}],"curies":[{"name":"wp","href":"https:\/\/api.w.org\/{rel}","templated":true}]}}